{"id":309,"date":"2018-11-24T14:00:38","date_gmt":"2018-11-24T13:00:38","guid":{"rendered":"http:\/\/jurissecours.fr\/?page_id=309"},"modified":"2024-02-28T11:31:31","modified_gmt":"2024-02-28T10:31:31","slug":"nos-membres-2","status":"publish","type":"page","link":"https:\/\/www.jurissecours.org\/index.php\/nos-membres-2\/","title":{"rendered":"Nos Membres"},"content":{"rendered":"<p style=\"text-align: center;\"><span style=\"color: #12a1a3;\"><strong>Jean-Marie POUILHE<\/strong><\/span><br \/>\n<em>Avocat<\/em><br \/>\n<em>Pr\u00e9sident\u00a0<\/em><\/p>\n<p><a href=\"https:\/\/www.jurissecours.org\/index.php\/nos-membres-2\/whatsapp-image-2024-02-16-at-17-20-41\/\" rel=\"attachment wp-att-5603\"><img fetchpriority=\"high\" decoding=\"async\" class=\"size-medium wp-image-5603 aligncenter\" src=\"https:\/\/www.jurissecours.org\/wp-content\/uploads\/2024\/02\/WhatsApp-Image-2024-02-16-at-17.20.41.jpeg\" alt=\"\" width=\"250\" height=\"291\" \/><\/a><\/p>\n<p style=\"text-align: center;\"><strong><span style=\"color: #12a1a3;\">Judith BERTIN<\/span><\/strong><br \/>\n<em>Avocate\u00a0<\/em><br \/>\n<em>Tr\u00e9sori\u00e8re<\/em><\/p>\n<p><a href=\"https:\/\/www.jurissecours.org\/index.php\/nos-membres-2\/img_9354-2\/\" rel=\"attachment wp-att-5602\"><img decoding=\"async\" class=\"aligncenter wp-image-5602 size-medium\" src=\"https:\/\/www.jurissecours.org\/wp-content\/uploads\/2024\/02\/IMG_9354-1-scaled-e1709115240516-224x300.jpeg\" alt=\"\" width=\"224\" height=\"300\" srcset=\"https:\/\/www.jurissecours.org\/wp-content\/uploads\/2024\/02\/IMG_9354-1-scaled-e1709115240516-224x300.jpeg 224w, https:\/\/www.jurissecours.org\/wp-content\/uploads\/2024\/02\/IMG_9354-1-scaled-e1709115240516-765x1024.jpeg 765w, https:\/\/www.jurissecours.org\/wp-content\/uploads\/2024\/02\/IMG_9354-1-scaled-e1709115240516-768x1028.jpeg 768w, https:\/\/www.jurissecours.org\/wp-content\/uploads\/2024\/02\/IMG_9354-1-scaled-e1709115240516-1148x1536.jpeg 1148w, https:\/\/www.jurissecours.org\/wp-content\/uploads\/2024\/02\/IMG_9354-1-scaled-e1709115240516-1440x1927.jpeg 1440w, https:\/\/www.jurissecours.org\/wp-content\/uploads\/2024\/02\/IMG_9354-1-scaled-e1709115240516.jpeg 1514w\" sizes=\"(max-width: 224px) 100vw, 224px\" \/><\/a><\/p>\n<p style=\"text-align: center;\"><span style=\"color: #12a1a3;\"><strong>Eulalie de DURAND\u00a0<\/strong><\/span><br \/>\n<em>Juriste\u00a0<\/em><br \/>\n<em>Secr\u00e9taire G\u00e9n\u00e9rale\u00a0<\/em><\/p>\n<p><a href=\"https:\/\/www.jurissecours.org\/leillakerchouche\/\"><img decoding=\"async\" class=\"aligncenter wp-image-965 size-full\" src=\"https:\/\/www.jurissecours.org\/wp-content\/uploads\/2019\/07\/leillakerchouche.jpg\" alt=\"\" width=\"250\" height=\"296\" \/><\/a><\/p>\n<p style=\"text-align: center;\"><strong><span style=\"color: #12a1a3;\">Leilla KERCHOUCHE<\/span><\/strong><br \/>\n<em>Avocate<\/em><br \/>\n<em>Pr\u00e9sidente d&rsquo;Honneur<\/em><\/p>\n","protected":false},"excerpt":{"rendered":"<p>Jean-Marie POUILHE Avocat Pr\u00e9sident\u00a0 Judith BERTIN Avocate\u00a0 Tr\u00e9sori\u00e8re Eulalie de DURAND\u00a0 Juriste\u00a0 Secr\u00e9taire G\u00e9n\u00e9rale\u00a0 Leilla KERCHOUCHE Avocate Pr\u00e9sidente d&rsquo;Honneur<\/p>\n","protected":false},"author":1,"featured_media":0,"parent":0,"menu_order":0,"comment_status":"closed","ping_status":"closed","template":"","meta":{"jetpack_post_was_ever_published":false,"footnotes":""},"jetpack_sharing_enabled":true,"jetpack_shortlink":"https:\/\/wp.me\/P9VDbi-4Z","_links":{"self":[{"href":"https:\/\/www.jurissecours.org\/index.php\/wp-json\/wp\/v2\/pages\/309"}],"collection":[{"href":"https:\/\/www.jurissecours.org\/index.php\/wp-json\/wp\/v2\/pages"}],"about":[{"href":"https:\/\/www.jurissecours.org\/index.php\/wp-json\/wp\/v2\/types\/page"}],"author":[{"embeddable":true,"href":"https:\/\/www.jurissecours.org\/index.php\/wp-json\/wp\/v2\/users\/1"}],"replies":[{"embeddable":true,"href":"https:\/\/www.jurissecours.org\/index.php\/wp-json\/wp\/v2\/comments?post=309"}],"version-history":[{"count":16,"href":"https:\/\/www.jurissecours.org\/index.php\/wp-json\/wp\/v2\/pages\/309\/revisions"}],"predecessor-version":[{"id":5606,"href":"https:\/\/www.jurissecours.org\/index.php\/wp-json\/wp\/v2\/pages\/309\/revisions\/5606"}],"wp:attachment":[{"href":"https:\/\/www.jurissecours.org\/index.php\/wp-json\/wp\/v2\/media?parent=309"}],"curies":[{"name":"wp","href":"https:\/\/api.w.org\/{rel}","templated":true}]}}