{"id":326,"date":"2018-11-24T14:09:42","date_gmt":"2018-11-24T13:09:42","guid":{"rendered":"http:\/\/jurissecours.fr\/?page_id=326"},"modified":"2024-02-16T15:03:37","modified_gmt":"2024-02-16T14:03:37","slug":"permanences-juridiques","status":"publish","type":"page","link":"https:\/\/www.jurissecours.org\/index.php\/permanences-juridiques\/","title":{"rendered":"Permanences Juridiques"},"content":{"rendered":"<p align=\"justify\">Nous tenons des <strong>permanences juridiques gratuites<\/strong> qui accueillent chaque semaine de nombreuses personnes en situation de pr\u00e9carit\u00e9 qui souhaitent conna\u00eetre et faire valoir les droits dont elles sont titulaires. Les permanences juridiques sont tenues dans diff\u00e9rents points de contact de Paris, de la Seine-Saint-Denis (Bobigny, Epinay-sur-Seine, Aubervilliers, Dugny) et de l&rsquo;Essonne (Grigny et Athis-Mons).\u00a0<\/p>\n<p align=\"justify\">Une question en droit du travail, droit de la famille, droit des \u00e9trangers, en droit p\u00e9nal ou dans tout autre domaine ? Les avocats et juristes de l&rsquo;association informent les personnes sur leurs droits et r\u00e9pondent aux diff\u00e9rentes interrogations soulev\u00e9e.<\/p>\n<ul>\n<li><a href=\"https:\/\/www.jurissecours.org\/index.php\/permanences-juridiques\/nos-permanences-juridiques-a-paris\/\">Nos permanences juridiques \u00e0 Paris\u00a0<\/a><\/li>\n<li><a href=\"https:\/\/www.jurissecours.org\/index.php\/permanences-juridiques\/en-seine-saint-denis\/\">Nos permanences juridiques en Seine-Saint-Denis : Bobigny, Epinay-sur-Seine, Aubervilliers, Dugny<\/a><\/li>\n<li><a href=\"https:\/\/www.jurissecours.org\/index.php\/nos-permanences-en-essonne\/\">Nos permanences juridiques en Essonne<\/a><\/li>\n<\/ul>\n<p align=\"justify\">\u00a0<\/p>\n\n\n<p><\/p>\n","protected":false},"excerpt":{"rendered":"<p>Nous tenons des permanences juridiques gratuites qui accueillent chaque semaine de nombreuses personnes en situation de pr\u00e9carit\u00e9 qui souhaitent conna\u00eetre et faire valoir les droits dont elles sont titulaires. Les permanences juridiques sont tenues dans diff\u00e9rents points de contact de Paris, de la Seine-Saint-Denis (Bobigny, Epinay-sur-Seine, Aubervilliers, Dugny) et de l&rsquo;Essonne (Grigny et Athis-Mons).\u00a0 Une [&hellip;]<\/p>\n","protected":false},"author":1,"featured_media":0,"parent":0,"menu_order":0,"comment_status":"closed","ping_status":"closed","template":"","meta":{"jetpack_post_was_ever_published":false,"footnotes":""},"jetpack_sharing_enabled":true,"jetpack_shortlink":"https:\/\/wp.me\/P9VDbi-5g","_links":{"self":[{"href":"https:\/\/www.jurissecours.org\/index.php\/wp-json\/wp\/v2\/pages\/326"}],"collection":[{"href":"https:\/\/www.jurissecours.org\/index.php\/wp-json\/wp\/v2\/pages"}],"about":[{"href":"https:\/\/www.jurissecours.org\/index.php\/wp-json\/wp\/v2\/types\/page"}],"author":[{"embeddable":true,"href":"https:\/\/www.jurissecours.org\/index.php\/wp-json\/wp\/v2\/users\/1"}],"replies":[{"embeddable":true,"href":"https:\/\/www.jurissecours.org\/index.php\/wp-json\/wp\/v2\/comments?post=326"}],"version-history":[{"count":31,"href":"https:\/\/www.jurissecours.org\/index.php\/wp-json\/wp\/v2\/pages\/326\/revisions"}],"predecessor-version":[{"id":5580,"href":"https:\/\/www.jurissecours.org\/index.php\/wp-json\/wp\/v2\/pages\/326\/revisions\/5580"}],"wp:attachment":[{"href":"https:\/\/www.jurissecours.org\/index.php\/wp-json\/wp\/v2\/media?parent=326"}],"curies":[{"name":"wp","href":"https:\/\/api.w.org\/{rel}","templated":true}]}}