{"id":5549,"date":"2024-02-16T11:24:59","date_gmt":"2024-02-16T10:24:59","guid":{"rendered":"https:\/\/www.jurissecours.org\/?page_id=5549"},"modified":"2024-02-16T14:19:08","modified_gmt":"2024-02-16T13:19:08","slug":"nos-permanences-juridiques-a-paris","status":"publish","type":"page","link":"https:\/\/www.jurissecours.org\/index.php\/permanences-juridiques\/nos-permanences-juridiques-a-paris\/","title":{"rendered":"Permanences Juridiques \u00e0 Paris"},"content":{"rendered":"\n<p class=\"has-text-align-center has-large-font-size\"><strong>Permanences hebdomadaires<\/strong>&nbsp;<\/p>\n\n\n\n<p style=\"font-size:22px\"><mark style=\"background-color:rgba(0, 0, 0, 0);color:#07887f\" class=\"has-inline-color\"><strong>Point d\u2019acc\u00e8s au droit (PAD 13)\u00a0<\/strong><\/mark><br>Permanence g\u00e9n\u00e9raliste tous les mercredis de 14h \u00e0 17h<br>33 boulevard Kellerman \u2013 75013 PARIS\u00a0<br>Prise de rendez-vous \u2013\u00a001 55 78 20 56<\/p>\n\n\n\n<p><mark style=\"background-color:rgba(0, 0, 0, 0);color:#128981\" class=\"has-inline-color\"><strong>Maison de Justice et du Droit \u2013 Paris Sud\u00a0<\/strong><\/mark><br>Permanence en droit de la famille tous les jeudis de 9h30 \u00e0 12h30<br>99 rue d\u2019Alleray \u2013 75015 PARIS<br>Prise de rendez-vous \u2013\u00a001 45 45 22 23<\/p>\n\n\n\n<p><mark style=\"background-color:rgba(0, 0, 0, 0);color:#028178\" class=\"has-inline-color\"><strong>Association TVAS\u00a017<\/strong><\/mark><br>Permanence g\u00e9n\u00e9raliste tous les jeudis de 14h \u00e0 17h<br>13 Rue Curnonsky \u2013\u00a075017 PARIS<br>Prise de rendez vous \u2013 01 47 63 65 18<\/p>\n\n\n\n<p class=\"has-text-align-center\"><strong>Permanences bimensuelles<\/strong>&nbsp;<\/p>\n\n\n\n<p><mark style=\"background-color:rgba(0, 0, 0, 0);color:#00837a\" class=\"has-inline-color\"><strong>Association pour la Formation et l\u2019Int\u00e9gration des Familles (AFIF)<\/strong><\/mark><br>Permanence g\u00e9n\u00e9raliste \u2013 Mercredi de 9h30 \u00e0 12h30<br>53 rue Nationale \u2013 75013 PARIS\u00a0\u00a0<br>Prise de rendez-vous \u2013 06 03 17 40 63<\/p>\n\n\n\n<p><mark style=\"background-color:rgba(0, 0, 0, 0);color:#02837a\" class=\"has-inline-color\"><strong>Centre Alpha Choisy<\/strong><\/mark><strong><br><\/strong>Permanence en droit des \u00e9trangers \u2013 Jeudi de 9h30 \u00e0 12h30\u00a0<br>27 Avenue de Choisy \u2013 75013 PARIS\u00a0<br>Prise de rendez-vous : 01 45 84 88 37<\/p>\n\n\n\n<p><mark style=\"background-color:rgba(0, 0, 0, 0);color:#058a81\" class=\"has-inline-color\"><strong>Centre Social et Socio-culturel \u2013 13 Pour Tous<\/strong><\/mark><strong><br><\/strong>Permanence en droit des \u00e9trangers \u2013 Vendredi de 9h30 \u00e0 12h30<br>4 Place de V\u00e9n\u00e9tie \u2013 75013 PARIS\u00a0<br>Prise de rendez-vous\u00a001 53 79 92 63<\/p>\n\n\n\n<p class=\"has-text-align-center\"><strong>Permanences mensuelles<\/strong>&nbsp;<\/p>\n\n\n\n<p><mark style=\"background-color:rgba(0, 0, 0, 0);color:#028178\" class=\"has-inline-color\"><strong>Maison de Justice et du Droit \u2013 Paris Nord-Ouest\u00a0<\/strong><\/mark><strong><br><\/strong>Permanence g\u00e9n\u00e9raliste \u2013 Mardi de 14h \u00e0 17h\u00a0<br>16 rue Jacques Kellner \u2013 75017 PARIS\u00a0<br>Prise de rendez-vous : 01 53 06 83 40\u00a0<\/p>\n\n\n\n<p><mark style=\"background-color:rgba(0, 0, 0, 0);color:#00847b\" class=\"has-inline-color\"><strong>Maison de Justice et du Droit \u2013 Paris Nord-Est\u00a0<\/strong><\/mark><strong><br><\/strong>Permanence g\u00e9n\u00e9raliste \u2013 Mercredi de 14 \u00e0 17h\u00a0\u00a0<br>15 rue du Buisson Saint-Louis \u2013 75010 PARIS\u00a0<br>Prise de rendez-vous :\u00a001 53 38 62 80<\/p>\n","protected":false},"excerpt":{"rendered":"<p>Permanences hebdomadaires&nbsp; Point d\u2019acc\u00e8s au droit (PAD 13)\u00a0Permanence g\u00e9n\u00e9raliste tous les mercredis de 14h \u00e0 17h33 boulevard Kellerman \u2013 75013 PARIS\u00a0Prise de rendez-vous \u2013\u00a001 55 78 20 56 Maison de Justice et du Droit \u2013 Paris Sud\u00a0Permanence en droit de la famille tous les jeudis de 9h30 \u00e0 12h3099 rue d\u2019Alleray \u2013 75015 PARISPrise de [&hellip;]<\/p>\n","protected":false},"author":1,"featured_media":0,"parent":326,"menu_order":1,"comment_status":"closed","ping_status":"closed","template":"","meta":{"jetpack_post_was_ever_published":false,"footnotes":""},"jetpack_sharing_enabled":true,"jetpack_shortlink":"https:\/\/wp.me\/P9VDbi-1rv","_links":{"self":[{"href":"https:\/\/www.jurissecours.org\/index.php\/wp-json\/wp\/v2\/pages\/5549"}],"collection":[{"href":"https:\/\/www.jurissecours.org\/index.php\/wp-json\/wp\/v2\/pages"}],"about":[{"href":"https:\/\/www.jurissecours.org\/index.php\/wp-json\/wp\/v2\/types\/page"}],"author":[{"embeddable":true,"href":"https:\/\/www.jurissecours.org\/index.php\/wp-json\/wp\/v2\/users\/1"}],"replies":[{"embeddable":true,"href":"https:\/\/www.jurissecours.org\/index.php\/wp-json\/wp\/v2\/comments?post=5549"}],"version-history":[{"count":3,"href":"https:\/\/www.jurissecours.org\/index.php\/wp-json\/wp\/v2\/pages\/5549\/revisions"}],"predecessor-version":[{"id":5560,"href":"https:\/\/www.jurissecours.org\/index.php\/wp-json\/wp\/v2\/pages\/5549\/revisions\/5560"}],"up":[{"embeddable":true,"href":"https:\/\/www.jurissecours.org\/index.php\/wp-json\/wp\/v2\/pages\/326"}],"wp:attachment":[{"href":"https:\/\/www.jurissecours.org\/index.php\/wp-json\/wp\/v2\/media?parent=5549"}],"curies":[{"name":"wp","href":"https:\/\/api.w.org\/{rel}","templated":true}]}}