{"id":5553,"date":"2024-02-16T11:54:43","date_gmt":"2024-02-16T10:54:43","guid":{"rendered":"https:\/\/www.jurissecours.org\/?page_id=5553"},"modified":"2024-02-16T14:18:27","modified_gmt":"2024-02-16T13:18:27","slug":"en-seine-saint-denis","status":"publish","type":"page","link":"https:\/\/www.jurissecours.org\/index.php\/permanences-juridiques\/en-seine-saint-denis\/","title":{"rendered":"Permanences Juridiques en Seine-Saint-Denis"},"content":{"rendered":"\n<p><\/p>\n\n\n\n<p class=\"has-text-align-center\" style=\"font-size:31px\"> <strong>BOBIGNY<\/strong>&nbsp;<\/p>\n\n\n\n<p class=\"has-large-font-size\"><mark style=\"background-color:rgba(0, 0, 0, 0);color:#028279\" class=\"has-inline-color\"><strong>H\u00f4tel de Ville de Bobigny\u00a0<\/strong><\/mark><br>Permanence g\u00e9n\u00e9raliste tous les lundis de 14h \u00e0 17h\u00a0<strong><br><\/strong>31 Avenue du Pr\u00e9sident Salvador Allende \u2013 93000 BOBIGNY\u00a0<br>Prise de rendez-vous :01 41 60 93 93<\/p>\n\n\n\n<p class=\"has-large-font-size\"><mark style=\"background-color:rgba(0, 0, 0, 0);color:#028279\" class=\"has-inline-color\"><strong>Conseil des Prud\u2019Hommes de Bobigny<\/strong>\u00a0<\/mark><strong><br><\/strong>Permanence en droit du travail \u2013 Tous les mardis de 9h30 \u00e0 12h30<br>1-13 rue Michel de l\u2019Hospital \u2013 93000 BOBIGNY\u00a0<br>Prise de rendez vous : 01 48 96 22 22<\/p>\n\n\n\n<p class=\"has-large-font-size\"><strong><mark style=\"background-color:rgba(0, 0, 0, 0);color:#02877e\" class=\"has-inline-color\">Mairie Annexe Jean Racine<\/mark>&nbsp;<\/strong><br>Permanence g\u00e9n\u00e9raliste \u2013 Vendredi de 9h30 \u00e0 12h<br>8 rue Jean Racine \u2013 93000 BOBIGNY&nbsp;<br>Prise de rendez-vous : 01 48 37 44 32<\/p>\n\n\n\n<p class=\"has-text-align-center\" style=\"font-size:31px\"><strong>EPINAY-SUR-SEINE<\/strong><\/p>\n\n\n\n<p class=\"has-large-font-size\"><mark style=\"background-color:rgba(0, 0, 0, 0);color:#027c74\" class=\"has-inline-color\"><strong>Maison de Justice et du Droit d\u2019\u00c9pinay-sur-Seine\u00a0<\/strong><\/mark><br>Permanence en droit des \u00e9trangers tous les mardis de 9h30 \u00e0 12h30<br>Rue de la Terrasse \u2013 93800 EPINAY-SUR-SEINE\u00a0<br>Prise de rendez-vous : 01 48 23 22 27\u00a0<\/p>\n\n\n\n<p class=\"has-large-font-size\"><mark style=\"background-color:rgba(0, 0, 0, 0);color:#02877e\" class=\"has-inline-color\"><strong>Centre Social et Socio-culturel \u2013 Felix Merlin\u00a0<\/strong><\/mark><br>Permanence g\u00e9n\u00e9raliste \u2013 Lundi de 9h30 \u00e0 12h30\u00a0<br>67 rue F\u00e9lix Merlin \u2013 93800 Epinay-sur-Seine\u00a0<br>Prise de rendez-vous : 01 71 29 13 30<\/p>\n\n\n\n<p class=\"has-large-font-size\"><mark style=\"background-color:rgba(0, 0, 0, 0);color:#028178\" class=\"has-inline-color\"><strong>Maison du Centre<\/strong>\u00a0<\/mark><br>Permanence g\u00e9n\u00e9raliste \u2013 Mercredi de 9h30 \u00e0 12h30<br>7 Rue du Mar\u00e9chal Maison, 93800 EPINAY SUR SEINE<br>Prise de rendez-vous : 01 48 26 10 21<\/p>\n\n\n\n<p class=\"has-large-font-size\"><mark style=\"background-color:rgba(0, 0, 0, 0);color:#028178\" class=\"has-inline-color\"><strong>Espace Nelson Mandela\u00a0<\/strong><\/mark><br>Permanence g\u00e9n\u00e9raliste \u2013 Jeudi de 13h30 \u00e0 17h\u00a0<br>64 Avenue de la Marne \u2013 93800 EPINAY SUR SEINE<br>Prise de rendez-vous : 01 49 71 99 35<\/p>\n\n\n\n<p class=\"has-large-font-size\"><mark style=\"background-color:rgba(0, 0, 0, 0);color:#01857d\" class=\"has-inline-color\"><strong>P\u00f4le Social\u00a0<\/strong><\/mark><br>Permanence g\u00e9n\u00e9raliste \u2013 Jeudi de 14h \u00e0 17h\u00a0<br>1 rue de l\u2019Abb\u00e9 Pierre \u2013 93800 EPINAY SUR SEINE\u00a0<br>Prise de rendez-vous : 01 42 43 31 28<\/p>\n\n\n\n<p class=\"has-text-align-center\" style=\"font-size:31px\"><strong>AUBERVILLIERS&nbsp;<\/strong><\/p>\n\n\n\n<p class=\"has-large-font-size\"><mark style=\"background-color:rgba(0, 0, 0, 0);color:#028279\" class=\"has-inline-color\"><strong>Maison de Justice et du Droit d\u2019Aubervilliers\u00a0<\/strong><\/mark><br>Permanence en droit du travail tous les jeudis de 9h30 \u00e0 12h30\u00a0<br>20 rue Bernard et Mazoyer \u2013 93300 AUBERVILLIERS\u00a0<br>Prise de rendez-vous : 01 48 11 32 24\u00a0<\/p>\n\n\n\n<p class=\"has-text-align-center\" style=\"font-size:31px\"><strong>DUGNY<\/strong><\/p>\n\n\n\n<p class=\"has-large-font-size\"><mark style=\"background-color:rgba(0, 0, 0, 0);color:#02837a\" class=\"has-inline-color\"><strong>Mairie de Dugny\u00a0<\/strong><\/mark><br>Permanence g\u00e9n\u00e9raliste \u2013 Mardi de 15h \u00e0 17h30\u00a0<br>1 Rue de la R\u00e9sistance \u2013 93440 DUGNY\u00a0<br>Prise de rendez-vous : 01 49 92 66 66<\/p>\n\n\n\n<hr class=\"wp-block-separator has-alpha-channel-opacity\"\/>\n","protected":false},"excerpt":{"rendered":"<p>BOBIGNY&nbsp; H\u00f4tel de Ville de Bobigny\u00a0Permanence g\u00e9n\u00e9raliste tous les lundis de 14h \u00e0 17h\u00a031 Avenue du Pr\u00e9sident Salvador Allende \u2013 93000 BOBIGNY\u00a0Prise de rendez-vous :01 41 60 93 93 Conseil des Prud\u2019Hommes de Bobigny\u00a0Permanence en droit du travail \u2013 Tous les mardis de 9h30 \u00e0 12h301-13 rue Michel de l\u2019Hospital \u2013 93000 BOBIGNY\u00a0Prise de rendez [&hellip;]<\/p>\n","protected":false},"author":1,"featured_media":0,"parent":326,"menu_order":1,"comment_status":"closed","ping_status":"closed","template":"","meta":{"jetpack_post_was_ever_published":false,"footnotes":""},"jetpack_sharing_enabled":true,"jetpack_shortlink":"https:\/\/wp.me\/P9VDbi-1rz","_links":{"self":[{"href":"https:\/\/www.jurissecours.org\/index.php\/wp-json\/wp\/v2\/pages\/5553"}],"collection":[{"href":"https:\/\/www.jurissecours.org\/index.php\/wp-json\/wp\/v2\/pages"}],"about":[{"href":"https:\/\/www.jurissecours.org\/index.php\/wp-json\/wp\/v2\/types\/page"}],"author":[{"embeddable":true,"href":"https:\/\/www.jurissecours.org\/index.php\/wp-json\/wp\/v2\/users\/1"}],"replies":[{"embeddable":true,"href":"https:\/\/www.jurissecours.org\/index.php\/wp-json\/wp\/v2\/comments?post=5553"}],"version-history":[{"count":3,"href":"https:\/\/www.jurissecours.org\/index.php\/wp-json\/wp\/v2\/pages\/5553\/revisions"}],"predecessor-version":[{"id":5559,"href":"https:\/\/www.jurissecours.org\/index.php\/wp-json\/wp\/v2\/pages\/5553\/revisions\/5559"}],"up":[{"embeddable":true,"href":"https:\/\/www.jurissecours.org\/index.php\/wp-json\/wp\/v2\/pages\/326"}],"wp:attachment":[{"href":"https:\/\/www.jurissecours.org\/index.php\/wp-json\/wp\/v2\/media?parent=5553"}],"curies":[{"name":"wp","href":"https:\/\/api.w.org\/{rel}","templated":true}]}}

<p></p>



<p class="has-text-align-center" style="font-size:31px"> <strong>BOBIGNY</strong>&nbsp;</p>



<p class="has-large-font-size"><mark style="background-color:rgba(0, 0, 0, 0);color:#028279" class="has-inline-color"><strong>Hôtel de Ville de Bobigny </strong></mark><br>Permanence généraliste tous les lundis de 14h à 17h <strong><br></strong>31 Avenue du Président Salvador Allende – 93000 BOBIGNY <br>Prise de rendez-vous :01 41 60 93 93</p>



<p class="has-large-font-size"><mark style="background-color:rgba(0, 0, 0, 0);color:#028279" class="has-inline-color"><strong>Conseil des Prud’Hommes de Bobigny</strong> </mark><strong><br></strong>Permanence en droit du travail – Tous les mardis de 9h30 à 12h30<br>1-13 rue Michel de l’Hospital – 93000 BOBIGNY <br>Prise de rendez vous : 01 48 96 22 22</p>



<p class="has-large-font-size"><strong><mark style="background-color:rgba(0, 0, 0, 0);color:#02877e" class="has-inline-color">Mairie Annexe Jean Racine</mark>&nbsp;</strong><br>Permanence généraliste – Vendredi de 9h30 à 12h<br>8 rue Jean Racine – 93000 BOBIGNY&nbsp;<br>Prise de rendez-vous : 01 48 37 44 32</p>



<p class="has-text-align-center" style="font-size:31px"><strong>EPINAY-SUR-SEINE</strong></p>



<p class="has-large-font-size"><mark style="background-color:rgba(0, 0, 0, 0);color:#027c74" class="has-inline-color"><strong>Maison de Justice et du Droit d’Épinay-sur-Seine </strong></mark><br>Permanence en droit des étrangers tous les mardis de 9h30 à 12h30<br>Rue de la Terrasse – 93800 EPINAY-SUR-SEINE <br>Prise de rendez-vous : 01 48 23 22 27 </p>



<p class="has-large-font-size"><mark style="background-color:rgba(0, 0, 0, 0);color:#02877e" class="has-inline-color"><strong>Centre Social et Socio-culturel – Felix Merlin </strong></mark><br>Permanence généraliste – Lundi de 9h30 à 12h30 <br>67 rue Félix Merlin – 93800 Epinay-sur-Seine <br>Prise de rendez-vous : 01 71 29 13 30</p>



<p class="has-large-font-size"><mark style="background-color:rgba(0, 0, 0, 0);color:#028178" class="has-inline-color"><strong>Maison du Centre</strong> </mark><br>Permanence généraliste – Mercredi de 9h30 à 12h30<br>7 Rue du Maréchal Maison, 93800 EPINAY SUR SEINE<br>Prise de rendez-vous : 01 48 26 10 21</p>



<p class="has-large-font-size"><mark style="background-color:rgba(0, 0, 0, 0);color:#028178" class="has-inline-color"><strong>Espace Nelson Mandela </strong></mark><br>Permanence généraliste – Jeudi de 13h30 à 17h <br>64 Avenue de la Marne – 93800 EPINAY SUR SEINE<br>Prise de rendez-vous : 01 49 71 99 35</p>



<p class="has-large-font-size"><mark style="background-color:rgba(0, 0, 0, 0);color:#01857d" class="has-inline-color"><strong>Pôle Social </strong></mark><br>Permanence généraliste – Jeudi de 14h à 17h <br>1 rue de l’Abbé Pierre – 93800 EPINAY SUR SEINE <br>Prise de rendez-vous : 01 42 43 31 28</p>



<p class="has-text-align-center" style="font-size:31px"><strong>AUBERVILLIERS&nbsp;</strong></p>



<p class="has-large-font-size"><mark style="background-color:rgba(0, 0, 0, 0);color:#028279" class="has-inline-color"><strong>Maison de Justice et du Droit d’Aubervilliers </strong></mark><br>Permanence en droit du travail tous les jeudis de 9h30 à 12h30 <br>20 rue Bernard et Mazoyer – 93300 AUBERVILLIERS <br>Prise de rendez-vous : 01 48 11 32 24 </p>



<p class="has-text-align-center" style="font-size:31px"><strong>DUGNY</strong></p>



<p class="has-large-font-size"><mark style="background-color:rgba(0, 0, 0, 0);color:#02837a" class="has-inline-color"><strong>Mairie de Dugny </strong></mark><br>Permanence généraliste – Mardi de 15h à 17h30 <br>1 Rue de la Résistance – 93440 DUGNY <br>Prise de rendez-vous : 01 49 92 66 66</p>



<hr class="wp-block-separator has-alpha-channel-opacity"/>

<p>BOBIGNY&nbsp; Hôtel de Ville de Bobigny Permanence généraliste tous les lundis de 14h à 17h 31 Avenue du Président Salvador Allende – 93000 BOBIGNY Prise de rendez-vous :01 41 60 93 93 Conseil des Prud’Hommes de Bobigny Permanence en droit du travail – Tous les mardis de 9h30 à 12h301-13 rue Michel de l’Hospital – 93000 BOBIGNY Prise de rendez [&hellip;]</p>
